{"success":true,"title":"V\u00eddeo ","content":"\u003Cdiv id=\u0022video-detail-modal\u0022 class=\u0022modal fade\u0022 style=\u0022\u0022  tabindex=\u0022-1\u0022 role=\u0022dialog\u0022\u003E\n    \u003Cdiv class=\u0022modal-dialog \u0022 role=\u0022document\u0022\u003E\n          \u003Cdiv class=\u0022modal-content\u0022\u003E\n                                              \u003Cdiv class=\u0022modal-body\u0022\u003E\n                      \u003Cdiv class=\u0022video-detail-modal-content\u0022\u003E\n        \u003Cdiv class=\u0022video-detail-content\u0022\u003E\n\n            \u003Cdiv class=\u0022video-detail-content-top\u0022\u003E\n                \u003Cdiv class=\u0022video-heading-infos\u0022\u003E\n                    \u003Cdiv class=\u0022row align-items-center\u0022\u003E\n                        \u003Cdiv class=\u0022col-12\u0022\u003E\n                            \u003Cdiv class=\u0022casting-heading casting-heading-primary casting-heading-border casting-heading-border-full\u0022\u003E\n                                \u003Cp class=\u0022h5 casting-heading-title\u0022\u003EDismorfia Tr\u00e1iler (Corto de creaci\u00f3n propia)\u003C\/p\u003E\n                                \u003Cdiv class=\u0022casting-heading-tools\u0022\u003E\n                                    \u003Cbutton type=\u0022button\u0022 class=\u0022close\u0022 data-dismiss=\u0022modal\u0022 aria-label=\u0022Cerrar \u0022\u003E\u003Cspan aria-hidden=\u0022true\u0022\u003E\u0026times;\u003C\/span\u003E\u003C\/button\u003E\n                                \u003C\/div\u003E\n                            \u003C\/div\u003E\n                            \u003Cp class=\u0022video-info-meta\u0022\u003E\n                                \n                                                                                                    \n                                \n                                \u003Cspan class=\u0022casting-video-date\u0022\u003E\u003Ci class=\u0022fi flaticon-calendar\u0022\u003E\u003C\/i\u003E \u003Cspan class=\u0022lbl\u0022\u003E28\/8\/25\u003C\/span\u003E\u003C\/span\u003E\n                            \u003C\/p\u003E\n                        \u003C\/div\u003E\n                    \u003C\/div\u003E\n                \u003C\/div\u003E\n            \u003C\/div\u003E\n\n            \u003Cdiv class=\u0022video-box\u0022\u003E\n                \u003Cdiv class=\u0022video-detail-preview\u0022\u003E\n                    \u003Cdiv class=\u0022embed-responsive embed-responsive-16by9 video video-type-4\u0022\u003E\n    \u003Ciframe class=\u0022embed-responsive-item\u0022 src=\u0022https:\/\/player.vimeo.com\/video\/836610528?badge=0\u0026amp;amp;autopause=0\u0026amp;amp;player_id=0\u0026amp;amp;app_id=130298\u0022\u003E\u003C\/iframe\u003E\n\u003C\/div\u003E\n                \u003C\/div\u003E\n            \u003C\/div\u003E\n\n            \u003Cdiv class=\u0022video-detail-infos\u0022\u003E\n                \u003Cdiv class=\u0022row align-items-center\u0022\u003E\n                    \u003Cdiv class=\u0022col-12\u0022\u003E\n                        \u003Cdiv class=\u0022casting-heading\u0022\u003E\n                            \u003Cdiv class=\u0022casting-heading-tools\u0022\u003E\n                                \u003Cdiv class=\u0022video-info-meta\u0022\u003E\n                                    \u003Cspan class=\u0022casting-video-artist\u0022\u003E\u003Ci class=\u0022fi flaticon-user\u0022\u003E\u003C\/i\u003E FlorBattagliese\u003C\/span\u003E\n                                    \u003Cspan class=\u0022casting-video-duration\u0022\u003E\u003Ci class=\u0022fi flaticon-clock\u0022\u003E\u003C\/i\u003E 00:29\u003C\/span\u003E\n                                \u003C\/div\u003E\n                            \u003C\/div\u003E\n                        \u003C\/div\u003E\n                    \u003C\/div\u003E\n\n                    \u003Cdiv class=\u0022col-12\u0022\u003E\n                        \u003Cdiv class=\u0022video-detail-description\u0022\u003E\n                            \u003Cdiv class=\u0022wysiwyg-content\u0022\u003E\n                                Coautor\u00eda: Florencia Battagliese \/ Paulo Olivera \u003Cbr \/\u003E\nDirecci\u00f3n: Paulo Olivera\u003Cbr \/\u003E\n\u003Cbr \/\u003E\nDismorfia nace despu\u00e9s de un a\u00f1o de investigaci\u00f3n, basada en mi propia historia, este cortometraje busca mostrar el mundo interno de una persona que sufre un trastorno de su imagen, pero que en mayor o menor medida muchos nos podemos ver reflejados. No estas tan sola\/o\n                            \u003C\/div\u003E\n                        \u003C\/div\u003E\n                    \u003C\/div\u003E\n                \u003C\/div\u003E\n            \u003C\/div\u003E\n        \u003C\/div\u003E\n    \u003C\/div\u003E\n                \u003C\/div\u003E\n                                        \u003C\/div\u003E\n    \u003C\/div\u003E\n\u003C\/div\u003E\n","video":{"id":"28006","embedUrl":"https:\/\/player.vimeo.com\/video\/836610528?badge=0\u0026amp;autopause=0\u0026amp;player_id=0\u0026amp;app_id=130298","isUseExternalIdentifier":true,"sourceUrl":"https:\/\/vimeo.com\/836610528?fl=pl\u0026fe=vl","title":"Dismorfia Tr\u00e1iler (Corto de creaci\u00f3n propia)","description":"Coautor\u00eda: Florencia Battagliese \/ Paulo Olivera \nDirecci\u00f3n: Paulo Olivera\n\nDismorfia nace despu\u00e9s de un a\u00f1o de investigaci\u00f3n, basada en mi propia historia, este cortometraje busca mostrar el mundo interno de una persona que sufre un trastorno de su imagen, pero que en mayor o menor medida muchos nos podemos ver reflejados. No estas tan sola\/o","type":"4"},"increment_view_count":false,"add_display_min_time":10}

Vídeo

<div id="video-detail-modal" class="modal fade" style=""  tabindex="-1" role="dialog">
    <div class="modal-dialog " role="document">
          <div class="modal-content">
                                              <div class="modal-body">
                      <div class="video-detail-modal-content">
        <div class="video-detail-content">

            <div class="video-detail-content-top">
                <div class="video-heading-infos">
                    <div class="row align-items-center">
                        <div class="col-12">
                            <div class="casting-heading casting-heading-primary casting-heading-border casting-heading-border-full">
                                <p class="h5 casting-heading-title">Dismorfia Tráiler (Corto de creación propia)</p>
                                <div class="casting-heading-tools">
                                    <button type="button" class="close" data-dismiss="modal" aria-label="Cerrar "><span aria-hidden="true">&times;</span></button>
                                </div>
                            </div>
                            <p class="video-info-meta">
                                
                                                                                                    
                                
                                <span class="casting-video-date"><i class="fi flaticon-calendar"></i> <span class="lbl">28/8/25</span></span>
                            </p>
                        </div>
                    </div>
                </div>
            </div>

            <div class="video-box">
                <div class="video-detail-preview">
                    <div class="embed-responsive embed-responsive-16by9 video video-type-4">
    <iframe class="embed-responsive-item" src="https://player.vimeo.com/video/836610528?badge=0&amp;amp;autopause=0&amp;amp;player_id=0&amp;amp;app_id=130298"></iframe>
</div>
                </div>
            </div>

            <div class="video-detail-infos">
                <div class="row align-items-center">
                    <div class="col-12">
                        <div class="casting-heading">
                            <div class="casting-heading-tools">
                                <div class="video-info-meta">
                                    <span class="casting-video-artist"><i class="fi flaticon-user"></i> FlorBattagliese</span>
                                    <span class="casting-video-duration"><i class="fi flaticon-clock"></i> 00:29</span>
                                </div>
                            </div>
                        </div>
                    </div>

                    <div class="col-12">
                        <div class="video-detail-description">
                            <div class="wysiwyg-content">
                                Coautoría: Florencia Battagliese / Paulo Olivera <br />
Dirección: Paulo Olivera<br />
<br />
Dismorfia nace después de un año de investigación, basada en mi propia historia, este cortometraje busca mostrar el mundo interno de una persona que sufre un trastorno de su imagen, pero que en mayor o menor medida muchos nos podemos ver reflejados. No estas tan sola/o
                            </div>
                        </div>
                    </div>
                </div>
            </div>
        </div>
    </div>
                </div>
                                        </div>
    </div>
</div>

Dismorfia Tráiler (Corto de creación propia)

Coautoría: Florencia Battagliese / Paulo Olivera 
Dirección: Paulo Olivera

Dismorfia nace después de un año de investigación, basada en mi propia historia, este cortometraje busca mostrar el mundo interno de una persona que sufre un trastorno de su imagen, pero que en mayor o menor medida muchos nos podemos ver reflejados. No estas tan sola/o
